nd 28?
14
Calculate the highest common divisor of 333 and 259.
37
What is the highest common factor of 83 and 415?
83
What is the highest common factor of 60 and 19188?
12
What is the highest common divisor of 56 and 1712?
8
Calculate the highest common divisor of 11 and 1144.
11
Calculate the greatest common factor of 18 and 4.
2
Calculate the highest common divisor of 119 and 17850.
119
Calculate the highest common factor of 102 and 132.
6
Calculate the highest common divisor of 145 and 40.
5
Calculate the greatest common divisor of 210 and 1500.
30
Calculate the highest common factor of 165 and 561.
33
What is the greatest common factor of 2682 and 18?
18
Calculate the highest common factor of 201 and 67.
67
Calculate the highest common factor of 31644 and 36.
36
Calculate the highest common factor of 41 and 697.
41
Calculate the highest common divisor of 255 and 51.
51
What is the greatest common divisor of 23787 and 27?
27
What is the greatest common divisor of 1406 and 148?
74
What is the greatest common factor of 3601 and 52?
13
What is the highest common factor of 6 and 4?
2
What is the highest common factor of 208 and 13?
13
Calculate the greatest common factor of 372 and 48.
12
Calculate the greatest common divisor of 60 and 2220.
60
Calculate the greatest common factor of 186 and 1705.
31
Calculate the greatest common factor of 960 and 102.
6
What is the greatest common divisor of 949 and 1105?
13
What is the greatest common divisor of 4 and 92?
4
Calculate the highest common divisor of 1080 and 10920.
120
What is the greatest common factor of 4503 and 57?
57
What is the highest common divisor of 46 and 253?
23
What is the highest common factor of 10 and 2960?
10
What is the greatest common factor of 28 and 238?
14
Calculate the greatest common divisor of 999 and 555.
111
What is the greatest common divisor of 800 and 50?
50
What is the highest common divisor of 147 and 49?
49
What is the greatest common factor of 1119 and 3?
3
What is the greatest common factor of 720 and 855?
45
What is the greatest common factor of 5784 and 4?
4
What is the greatest common divisor of 140 and 60?
20
Calculate the greatest common factor of 108 and 4.
4
What is the highest common divisor of 50 and 275?
25
What is the highest common divisor of 161 and 851?
23
Calculate the greatest common factor of 1334 and 759.
23
What is the greatest common divisor of 3120 and 720?
240
Calculate the highest common factor of 7505 and 95.
95
Calculate the highest common divisor of 25 and 1500.
25
Calculate the highest common divisor of 24892 and 254.
254
What is the highest common divisor of 1704 and 213?
213
Calculate the highest common factor of 739 and 1.
1
What is the highest common divisor of 20 and 160?
20
Calculate the greatest common factor of 72 and 2952.
72
Calculate the greatest common factor of 13 and 1443.
13
Calculate the highest common divisor of 80 and 112.
16
Calculate the highest common factor of 42 and 63.
21
What is the highest common divisor of 7 and 553?
7
Calculate the greatest common factor of 561 and 33.
33
What is the highest common factor of 16 and 50?
2
What is the highest common factor of 15 and 5595?
15
Calculate the highest common factor of 60 and 36.
12
Calculate the highest common divisor of 72 and 1608.
24
Calculate the greatest common factor of 67 and 1.
1
What is the greatest common divisor of 34 and 578?
34
What is the highest common divisor of 84 and 60?
12
Calculate the highest common factor of 88 and 671.
11
Calculate the highest common factor of 1036 and 126.
14
What is the highest common factor of 48 and 3216?
48
Calculate the greatest common divisor of 611 and 52.
13
What is the highest common divisor of 540 and 60?
60
Calculate the greatest common divisor of 105 and 35.
35
Calculate the highest common factor of 13 and 546.
13
Calculate the highest common divisor of 780 and 13390.
130
Calculate the greatest common divisor of 36 and 244.
4
Calculate the highest common factor of 594 and 99.
99
What is the highest common divisor of 7134 and 6?
6
What is the highest common divisor of 4 and 320?
4
What is the highest common divisor of 63 and 18?
9
Calculate the greatest common factor of 78 and 30.
6
Calculate the greatest common divisor of 13026 and 52.
26
Calculate the greatest common factor of 1694 and 231.
77
What is the greatest common factor of 296 and 44?
4
Calculate the highest common factor of 17 and 323.
17
What is the highest common divisor of 978 and 1793?
163
Calculate the highest common factor of 546 and 105.
21
What is the highest common divisor of 568 and 44?
4
What is the greatest common factor of 2745 and 6100?
305
What is the greatest common factor of 45 and 27?
9
Calculate the greatest common divisor of 32 and 626.
2
What is the highest common divisor of 460 and 220?
20
Calculate the highest common factor of 12360 and 6.
6
Calculate the highest common factor of 842 and 2.
2
What is the highest common factor of 39 and 20007?
39
Calculate the greatest common factor of 65 and 3653.
13
Calculate the greatest common divisor of 60 and 230.
10
Calculate the greatest common factor of 813 and 3.
3
Calculate the highest common divisor of 1246 and 1602.
178
What is the highest common factor of 121 and 52756?
121
Calculate the highest common divisor of 294 and 3626.
98
What is the highest common divisor of 90 and 10?
10
What is the greatest common factor of 12 and 2892?
12
What is the greatest common factor of 31 and 279?
31
Calculate the highest common divisor of 64 and 250.
2
What is the greatest common factor of 24 and 75?
3
Calculate the greatest common divisor of 6 and 9534.
6
Calculate the greatest common divisor of 8767 and 11.
11
Calculate the highest common divisor of 12 and 3252.
12
What is the highest common divisor of 5605 and 59?
59
Calculate the highest common factor of 168 and 352.
8
Calculate the greatest common factor of 21 and 10311.
21
Calculate the greatest common divisor of 513 and 297.
27
What is the greatest common divisor of 39 and 1950?
39
What is the greatest common factor of 460 and 1725?
115
What is the greatest common divisor of 371 and 52682?
371
What is the highest common factor of 781 and 22?
11
Calculate the greatest common divisor of 24 and 40.
8
Calculate the highest common divisor of 3 and 27.
3
Calculate the greatest common factor of 58 and 5626.
58
What is the greatest common factor of 8 and 1576?
8
Calculate the greatest common factor of 148 and 296.
148
Calculate the greatest common factor of 46 and 6.
2
What is the greatest common divisor of 252 and 560?
28
What is the highest common divisor of 1458 and 12?
6
What is the highest common divisor of 3397 and 129?
43
Calculate the greatest common factor of 608 and 38.
38
Calculate the greatest common divisor of 175 and 925.
25
What is the greatest common factor of 122 and 28?
2
What is the greatest common factor of 1 and 311?
1
Calculate the greatest common factor of 184 and 8.
8
Calculate the greatest common factor of 32 and 7776.
32
Calculate the greatest common factor of 7800 and 400.
200
Calculate the greatest common divisor of 264 and 22.
22
What is the highest common divisor of 384 and 288?
96
What is the highest common divisor of 136 and 68?
68
Calculate the highest common divisor of 10766 and 28.
14
What is the greatest common divisor of 391 and 221?
17
Calculate the highest common divisor of 7942 and 76.
38
What is the greatest common divisor of 7 and 287?
7
What is the highest common factor of 13 and 91?
13
Calculate the greatest common factor of 768 and 432.
48
Calculate the greatest common factor of 2464 and 182.
14
Calculate the highest common factor of 2009 and 164.
41
What is the highest common divisor of 520 and 455?
65
Calculate the greatest common factor of 118 and 4189.
59
Calculate the highest common divisor of 400 and 32.
16
Calculate the greatest common divisor of 1067 and 291.
97
What is the greatest common divisor of 4 and 4?
4
Calculate the greatest common factor of 300 and 180.
60
What is the highest common factor of 172 and 10277?
43
What is the highest common factor of 2139 and 837?
93
What is the greatest common divisor of 13590 and 45?
45
What is the highest common factor of 4 and 5?
1
Calculate the hi